1342
Convert -2023 (base 4) to base 8.
-213
What is -5b (base 16) in base 7?
-160
Convert -3 (base 14) to base 10.
-3
What is 12 (base 3) in base 10?
5
Convert -33 (base 9) to base 15.
-20
Convert 102 (base 4) to base 11.
17
Convert -3 (base 9) to base 6.
-3
-83 (base 11) to base 9
-111
What is 5a (base 14) in base 12?
68
-20 (base 4) to base 6
-12
What is 222 (base 3) in base 4?
122
-9 (base 14) to base 4
-21
Convert 5 (base 13) to base 15.
5
101000 (base 2) to base 12
34
Convert -3 (base 11) to base 7.
-3
What is -7 (base 10) in base 6?
-11
-7 (base 16) to base 15
-7
-1 (base 16) to base 6
-1
What is -10100 (base 2) in base 8?
-24
What is -11 (base 6) in base 5?
-12
What is -10201 (base 3) in base 9?
-121
What is 5 (base 6) in base 15?
5
What is 111 (base 2) in base 4?
13
2 (base 3) to base 4
2
-81 (base 10) to base 9
-100
21 (base 13) to base 11
25
What is 12 (base 15) in base 13?
14
Convert 44 (base 8) to base 11.
33
-1 (base 4) to base 10
-1
Convert 22 (base 6) to base 9.
15
Convert 3 (base 8) to base 2.
11
Convert -1 (base 8) to base 12.
-1
40 (base 7) to base 6
44
What is -3b (base 16) in base 3?
-2012
Convert -111 (base 3) to base 10.
-13
0 (base 2) to base 13
0
-11 (base 10) to base 12
-b
-5 (base 15) to base 12
-5
Convert 8 (base 9) to base 8.
10
Convert 1 (base 12) to base 10.
1
-310 (base 8) to base 16
-c8
What is -1 (base 14) in base 16?
-1
What is 11 (base 14) in base 4?
33
What is -22 (base 7) in base 11?
-15
-30 (base 7) to base 3
-210
0 (base 4) to base 8
0
What is 100 (base 3) in base 4?
21
What is 153 (base 14) in base 12?
1a5
What is -a (base 12) in base 5?
-20
133 (base 4) to base 10
31
137 (base 8) to base 10
95
Convert 10100 (base 2) to base 9.
22
-2a0 (base 11) to base 3
-111001
0 (base 16) to base 8
0
What is 2 (base 3) in base 5?
2
Convert -1a (base 11) to base 5.
-41
Convert -32 (base 12) to base 4.
-212
-1 (base 16) to base 2
-1
16 (base 7) to base 4
31
Convert -6 (base 14) to base 12.
-6
What is 0 (base 16) in base 13?
0
7a (base 15) to base 2
1110011
104 (base 5) to base 6
45
What is 5e (base 16) in base 10?
94
Convert -111 (base 16) to base 9.
-333
Convert 111110 (base 2) to base 11.
57
6 (base 12) to base 4
12
Convert -1 (base 10) to base 3.
-1
Convert aa (base 15) to base 14.
b6
Convert -4 (base 5) to base 6.
-4
1 (base 6) to base 3
1
What is 5 (base 15) in base 9?
5
What is 2 (base 13) in base 16?
2
What is -3 (base 11) in base 10?
-3
Convert -2 (base 12) to base 6.
-2
What is -1 (base 6) in base 16?
-1
-140 (base 7) to base 5
-302
What is 424 (base 9) in base 2?
101011010
3c (base 13) to base 15
36
7 (base 9) to base 14
7
Convert -11 (base 13) to base 2.
-1110
Convert 21 (base 15) to base 4.
133
What is 2 (base 16) in base 11?
2
167 (base 10) to base 3
20012
-10 (base 11) to base 13
-b
Convert 7 (base 8) to base 4.
13
Convert 0 (base 6) to base 7.
0
231 (base 5) to base 13
51
Convert 4 (base 16) to base 15.
4
Convert 15 (base 13) to base 16.
12
-1 (base 7) to base 12
-1
What is -10 (base 11) in base 9?
-12
-20 (base 5) to base 6
-14
Convert 2b (base 15) to base 11.
38
-11011 (base 2) to base 14
-1d
What is -3 (base 8) in base 15?
-3
What is 2 (base 12) in base 10?
2
What is 2 (base 13) in base 11?
2
What is -3 (base 16) in base 10?
-3
Convert -42 (base 6) to base 12.
-22
-23 (base 14) to base 9
-34
-a2 (base 14) to base 16
-8e
Convert 61 (base 13) to base 12.
67
What is -7 (base 12) in base 13?
-7
50 (base 8) to base 5
130
What is -6 (base 7) in base 3?
-20
-6 (base 12) to base 5
-11
What is -1 (base 7) in base 2?
-1
Convert -30 (base 11) to base 8.
-41
What is -2 (base 10) in base 12?
-2
What is 31 (base 7) in base 15?
17
-9 (base 12) to base 2
-1001
-10012 (base 3) to base 16
-56
16 (base 8) to base 6
22
17 (base 10) to base 16
11
357 (base 9) to base 4
10213
Convert -34 (base 8) to base 12.
-24
Convert -36 (base 7) to base 8.
-33
What is 6 (base 12) in base 7?
6
Convert -d (base 14) to base 9.
-14
14 (base 5) to base 11
9
What is 2c (base 13) in base 4?
212
Convert -2200 (base 3) to base 12.
-60
Convert 12 (base 5) to base 15.
7
5 (base 8) to base 2
101
What is -7 (base 9) in base 2?
-111
Convert -8a (base 14) to base 2.
-1111010
-a (base 11) to base 9
-11
-29 (base 14) to base 11
-34
Convert 1a (base 15) to base 9.
27
18 (base 13) to base 8
25
-8 (base 16) to base 13
-8
What is -20020 (base 3) in base 4?
-2220
Convert 1 (base 7) to base 2.
1
Convert 21 (base 3) to base 13.
7
What is -1 (base 14) in base 5?
-1
What is 1d (base 16) in base 8?
35
What is 221 (base 3) in base 8?
31
What is 6 (base 9) in base 11?
6
-4 (base 16) to base 3
-11
Convert 130 (base 10) to base 4.
2002
-5 (base 16) to base 3
-12
What is 1bb (base 14) in base 11?
2a9
Convert 1 (base 3) to base 8.
1
-20 (base 3) to base 4
-12
Convert 31 (base 13) to base 12.
34
What is 3 (base 15) in base 14?
3
Convert -136 (base 7) to base 5.
-301
What is -5 (base 12) in base 9?
-5
Convert 5 (base 12) to base 14.
5
25 (base 7) to base 5
34
-10111 (base 2) to base 10
-23
7 (base 13) to base 10
7
-21 (base 8) to base 16
-11
What is 22 (base 3) in base 12?
8
14 (base 6) to base 5
20
Convert -266 (base 7) to base 9.
-172
Convert 112 (base 4) to base 12.
1a
Convert 8 (base 13) to base 16.
8
What is -10 (base 3) in base 9?
-3
0 (base 2) to base 10
0
Convert -51 (base 13) to base 3.
-2110
What is -1 (base 10) in base 3?
-1
Convert -13 (base 10) to base 9.
-14
What is -77 (base 11) in base 7?
-150
-3 (base 11) to base 13
-3
Convert -2 (base 14) to base 9.
-2
-141 (base 5) to base 8
-56
Convert 1000011 (base 2) to base 13.
52
13 (base 8) to base 16
b
-2 (base 16) to base 11
-2
Convert -12 (base 5) to base 8.
-7
1131 (base 4) to base 2
1011101
-21 (base 3) to base 16
-7
Convert 3 (base 11) to base 8.
3
-5 (base 6) to base 14
-5
-f8 (base 16) to base 9
-305
What is -1 (base 8) in base 9?
-1
-1 (base 13) to base 3
-1
Convert 7 (base 13) to base 8.
7
Convert 10010 (base 3) to base 4.
1110
0 (base 14) to base 13
0
What is 31 (base 5) in base 9?
17
5 (base 9) to base 8
5
110 (base 2) to base 5
11
20 (base 7) to base 2
1110
What is 2011 (base 3) in base 7?
112
Convert -101 (base 6) to base 10.
-37
What is -5 (base 7) in base 13?
-5
1 (base 2) to base 5
1
-1 (base 5) to base 14
-1
-277 (base 9) to base 7
-451
Convert -10110 (base 2) to base 14.
-18
-1 (base 7) to base 8
-1
Convert -75 (base 15) to base 13.
-86
What is 3 (base 7) in base 10?
3
-12022 (base 3) to base 5
-1033
Convert 9 (base 14) to base 7.
12
Convert 1 (base 2) to base 11.
1
12 (base 5) to base 12
7
Convert 6 (base 12) to base 5.
11
-10 (base 6) to base 2
-110
-e (base 16) to base 10
-14
What is -1 (base 9) in base 14?
-1
What is -220 (base 3) in base 7?
-33
1 (base 9) to base 11
1
1 (base 16) to base 5
1
-25b (base 13) to base 6
-1530
10 (base 15) to base 3
120
Convert -1 (base 15) to base 16.
-1
-224 (base 11) to base 13
-178
What is 0 (base 4) in base 9?
0
6 (base 14) to base 2
110
Convert 5 (base 14) to base 8.
5
21 (base 15) to base 13
25
-2 (base 12) to base 8
-2
Convert -1240 (base 5) to base 4.
-3003
-10011011 (base 2) to base 9
-182
-10 (base 6) to base 12
-6
Convert 4 (base 6) to base 11.
4
Convert -c8 (base 14) to base 13.
-107
What is -1 (base 6) in base 12?
-1
1 (base 6) to base 7
1
Convert 0 (base 5) to base 13.
0
-141 (base 16) to base 11
-272
What is -1002 (base 3) in base 2?
-11101
What is 25 (base 8) in base 15?
16
Convert -1 (base 11) to base 3.
-1
What is 2 (base 15) in base 12?
2
What is 54 (base 7) in base 2?
100111
What is 3 (base 15) in base 6?
3
What is 11 (base 11) in base 6?
20
What is 3 (base 7) in base 12?
3
-1 (base 13) to base 2
-1
What is 13 (base 13) in base 4?
100
What is 261 (base 7) in base 15?
96
40 (base 8) to base 2
100000
4 (base 14) to base 11
4
Convert 19 (base 12) to base 2.
10101
1d (base 15) to base 13
22
0 (base 8) to base 12
0
Convert -42 (base 7) to base 13.
-24
-2 (base 3) to base 5
-2
6 (base 9) to base 2
110
What is 44 (base 6) in base 4?
130
What is -1 (base 10) in base 2?
-1
What is 14 (base 6) in base 15?
a
What is -65 (base 12) in base 2?
-1001101
What is -7 (base 9) in base 2?
-111
Convert -531 (base 6) to base 15.
-d4
Convert a6 (base 11) to base 16.
74
What is -10 (base 3) in base 5?
-3
Convert 4 (base 5) to base 2.
100
Convert -6 (base 8) t